hat is the tens digit of (-2)/(-6) - 620/(-12)?
5
What is the hundreds digit of (-16)/(-32) - 998/(-4)?
2
What is the tens digit of (12/9)/(4/258)?
8
Let v be -34 - (-1 + 4)/(-3). Let i be (v/(-9) + -2)*3. What is the units digit of -1 - 5/(i/(-8))?
7
Suppose 4*k + 2 - 6 = 0. Suppose v - k - 10 = 0. What is the units digit of v?
1
What is the units digit of 23 - 6/4*-2?
6
Let p(c) = 6*c + 9. What is the tens digit of p(9)?
6
What is the units digit of 6/4*2 - -39?
2
Suppose 0 = -4*y + 2*y + 78. What is the units digit of y?
9
Let f(m) = m**2 + 6*m + 1. Let o(z) = -8*z**3 + 2*z**2 - z. Let u be o(1). What is the units digit of f(u)?
8
Suppose -5*g - 262 = -7*g. What is the units digit of g?
1
What is the hundreds digit of (105/(-1))/((65/(-10))/13)?
2
Let z(v) = 61*v - 4. What is the units digit of z(1)?
7
Let j be (3/(-6))/(1/(-12)). Suppose 4*z + j - 26 = 0. What is the units digit of z?
5
Suppose -2*q - 49 = 4*g - 7, 2*g = q - 27. Let d = 6 + g. Let p = d - -8. What is the units digit of p?
2
Let o = 271 + -66. What is the tens digit of o?
0
Suppose -4*j - s = -8 - 11, 5 = 2*j - s. Suppose 0 = j*k + 12, -3*k = 3*h + 2*k - 27. What is the tens digit of h?
1
Let z(d) = -5*d**2 - d + 1. Let k be z(1). What is the tens digit of (37/3)/(k/(-15))?
3
Let s be (5/3)/((-1)/(-3)). Suppose -32 = -s*g - 4*u, -g + 0*g + 4*u = 8. Let k(i) = 4*i - 6. What is the tens digit of k(g)?
1
Suppose 2*u + u - 50 = -2*k, -k - 5*u + 25 = 0. What is the tens digit of k?
2
Let v(n) = -3*n**2 - 22*n - 17. Let i(j) = 2*j**2 + 11*j + 9. Let f(k) = 5*i(k) + 3*v(k). Let y be f(12). Suppose -g + 14 = -y. What is the units digit of g?
0
Let d be (14/4)/(3/12). Let j be ((-10)/(-4))/(7/d). Suppose -3*o - 2*o + j = 0. What is the units digit of o?
1
Let o = -6 + 8. Suppose 0 + 10 = o*q. What is the units digit of q?
5
Let x(g) be the first derivative of -g**4/4 - 4*g**3/3 + 7*g**2/2 + 2*g + 4. Let f be x(-5). Let o = f + 13. What is the units digit of o?
5
Let r = 2 + 17. What is the tens digit of r?
1
Suppose 5*f - 2*f - 237 = -5*d, 3*f - 2*d = 216. What is the units digit of f?
4
Let y be (4/(-5))/(11/55). Let n(h) be the third derivative of h**6/120 + h**5/20 - h**4/6 + h**3/6 - h**2. What is the units digit of n(y)?
1
Let m(f) = -11*f - 5. Let l(i) = -33*i - 14. Let v(r) = 3*l(r) - 8*m(r). Let o(b) = -4*b - 1. Let z(x) = 8*o(x) - 3*v(x). What is the units digit of z(3)?
1
Let w = -4 - -27. What is the tens digit of w?
2
Let a(s) = -2*s**2 - 3*s + 13. Let w(j) = j**2 + j - 7. Let u(l) = 6*a(l) + 11*w(l). What is the units digit of u(-5)?
1
Let i(x) = x**3 - 13*x**2 + 16*x + 2. What is the tens digit of i(12)?
5
Suppose 84 = 4*w - 3*w + c, -2*w - 5*c + 165 = 0. What is the tens digit of w?
8
Let j(r) = 3*r**2 + 11*r - 16. Let k(b) = -4*b**2 - 11*b + 17. Let u(c) = -5*j(c) - 4*k(c). What is the units digit of u(10)?
2
Let g be 2 - (0 + 0)*-1. Suppose g*z = b - 42, -48 - 33 = -3*b - 3*z. What is the units digit of b?
2
Suppose 0 = -4*b - 38 - 74. Let c = -17 - b. What is the tens digit of c?
1
Suppose -4*d - 3*o = 5, 3*d - o + 25 = o. Let s = d + 13. What is the units digit of s?
8
Let g(j) = j**3 + 15*j**2 + 12*j - 20. What is the units digit of g(-14)?
8
Let c be (-20)/(4 + -3 - 2). Let v be 108/c + (-4)/10. What is the units digit of 60/(-3)*(-4)/v?
6
Let q be 24/(-16)*(-4)/6. Let l = -4 - -6. Let k = l - q. What is the units digit of k?
1
Let o(t) = -t**3 - 10*t**2 - t - 6. Let c be o(-10). Let z(y) = y**2 + 4. What is the units digit of z(c)?
0
Let l(d) = d**3 + 5*d**2 - 2*d + 231. What is the hundreds digit of l(0)?
2
Let o(a) = -a**3 + 15*a**2 + 17*a + 22. What is the tens digit of o(16)?
3
Let b(t) be the first derivative of -t**2 - 2*t + 2. What is the units digit of b(-5)?
8
Let t(v) = -v**3 - 3*v**2 - 4*v + 16. What is the units digit of t(-5)?
6
Let x(h) = h**3 - h**2 + 3*h - 3. Let t(k) = k**3 + 5*k**2 + 5*k + 6. Let g be t(-4). What is the units digit of x(g)?
7
Let f = -10 - -6. Let t(v) = -5*v - 6. What is the tens digit of t(f)?
1
Let g = 8 + 5. Suppose 0 = 2*c - 0*c + l - 6, -4*c + 12 = -l. Suppose -c*p + 5*u + 12 = -g, p + 3*u - 27 = 0. What is the tens digit of p?
1
Let n(h) = h**2 + 2*h + 9. What is the tens digit of n(-7)?
4
Let a be (-4)/(-6) + 124/(-6). Let v = -5 - a. Suppose 2*d - v = -5. What is the units digit of d?
5
Let p = -40 - -101. What is the tens digit of p?
6
Let s = -9 - -5. Let l be 14/s + 1/2. What is the units digit of l/(-6)*2/1?
1
Let r be 12/(-66) - 114/(-22). Let u(x) = 2*x + 6. What is the tens digit of u(r)?
1
Suppose 2 = 2*s + 6. What is the units digit of (144/30)/(s/(-10))?
4
Suppose -7*j + 56 = -3*j. What is the units digit of j?
4
Let r(c) = -2*c + 10. Let b(y) = -y + 11. Let i(a) = 5*b(a) - 6*r(a). Let l(s) = -13*s + 9. Let u(d) = 5*i(d) + 3*l(d). What is the tens digit of u(-2)?
1
Let c(u) = -2*u**3 - 8*u**2 - u - 2 + 3 + u**3. Suppose -2*x - 4*v = -4, 7 = x + 4*v - v. What is the units digit of c(x)?
9
Suppose 2 = -3*z - 2*s, s = 2*z - 6*z - 11. Let v(w) = 3*w**2 + 6*w + 3. What is the units digit of v(z)?
7
Let i = 170 + -119. What is the tens digit of i?
5
Suppose -414 = -4*v + v. What is the tens digit of v?
3
Let u(j) = -3*j + 1. Let k be u(1). Let v be (-1 + k/10)*-5. What is the units digit of ((-5)/4)/(v/(-24))?
5
Let h(i) = -i**3 - i**2 + 7*i + 6. What is the units digit of h(-4)?
6
Let q(j) = 2*j**2 - 3*j + 1. Let y be q(2). What is the units digit of (-8)/y*60/(-16)?
0
Suppose 4*z = 3*z + 112. Let s = z + -76. What is the tens digit of s?
3
Let l = 3 - -4. Let v = 27 - l. What is the tens digit of v?
2
Suppose -3*o - 30 = -9. Let v = o + 15. What is the units digit of v?
8
Let u(l) = -l - 1. Let d be u(-3). Suppose -d*x + 30 = -38. What is the tens digit of x?
3
Let m(g) = -g**2 + 18*g - 9. What is the units digit of m(12)?
3
Let p(z) = -z**2 - 9*z + 5. Let j(h) = h**2 + h - 1. Let c(k) = 2*j(k) + p(k). What is the units digit of c(7)?
3
What is the units digit of (496/3)/1 + (-8)/(-12)?
6
Suppose w + 2*w + 4*y = 1, 4*y + 23 = 5*w. Let k be 1/3 + (-1)/w. What is the units digit of 1/((-1 + k)/(-5))?
5
Let r(q) = 7*q - 10. Let u(b) = -57*b + 81. Let l(i) = -33*r(i) - 4*u(i). What is the units digit of l(0)?
6
Let r = 81 - 47. What is the units digit of r?
4
Suppose 0 = -f + 5*f - 8, -4*k + f + 14 = 0. Suppose 4*i = j + 35, 3*i = -k*j - 17 + 67. What is the units digit of i?
0
Let l(a) = 3 + 8*a**2 + 0*a**2 - 6*a**2 + 3*a. What is the units digit of l(-2)?
5
Let l = 4 + -2. Let u(k) = 7*k - 4 + k**l - 8*k - 3*k. What is the units digit of u(6)?
8
Suppose -5*u - 4 = -224. Let q = -31 + u. What is the tens digit of q?
1
Let s(r) = -r**3 - r**2 + 4*r + 7. What is the units digit of s(-3)?
3
Let l(p) = -p**3 + 7*p**2 - 5*p - 2. Let w be l(6). Suppose -5*a + 35 = 3*t + 2*t, -t = -w*a - 12. What is the units digit of t?
8
Suppose 0 = -0*q + 4*q - 68. What is the tens digit of q?
1
Let x(y) = -y**2 - 8*y. Let s be x(-9). Let z = s + 13. What is the units digit of z?
4
Let k be (6/(-4))/((-1)/8). Suppose 2*b - k = -2*b. Suppose 2*f = 2*j - j - 9, -16 = -4*j + b*f. What is the units digit of j?
1
Suppose -3*o = -o - 36. What is the units digit of o?
8
Suppose 14 + 38 = r. What is the units digit of r?
2
Suppose 3 - 12 = 3*k. Let i(o) = 5*o - 1. Let v be i(3). What is the units digit of (v/k)/((-6)/9)?
7
Let q be 208/(-20) + 4/10. Let v be (-4)/q*20/4. Suppose 4*d + 3*h - 47 = -0*d, v*h = -d + 18. What is the units digit of d?
8
Let z = -275 - -677. What is the tens digit of z?
0
Let y = 95 + -42. What is the tens digit of y?
5
Let o(z) = z**3 - 9*z**2 - 8*z + 15. What is the units digit of o(10)?
5
Let b(q) = -3*q - 22. Let k(t) = t + 7. Let m(u) = 3*b(u) + 8*k(u). Let z be m(8). What is the units digit of z/(-1) + (0 - -1)?
9
Let a = 241 - 160. Suppose k + a = 4*k. What is the units digit of k?
7
Let y(v) = -56*v + 8. What is the units digit of y(-3)?
6
Suppose 4*u - 43 + 15 = -5*g, -3*u - 17 = -g. What is the units digit of g?
8
Let h = -1 + 3. Suppose -3*j - h*j + 30 = 0. What is the units digit of j?
6
Let d(q) = -14*q**2 - 6*q - 6. Let s(z) = 13*z**2 + 5*z + 5. Let f(a) = 6*d(a) + 7*s(a). Let v be f(-1). What is the units digit of 9/v + 2/(-7)?
1
Let o(q) = q**2 - 4*q + 2*q - 4 - 3. Let i = 6 + -1. What is the uni